ndreds digit of n?
1
Let d be 5/25 + 188/10. Suppose 4*k - 2*j = 18, 5*k + 4*j = 23 - 20. Suppose 34 = 2*l + h, k*l - 30 = -h + d. What is the units digit of l?
5
Suppose b - 3*b = -5*t + 15, t + 2*b - 3 = 0. Suppose -4*r + 2*z + 2276 = 0, -r + t*z + 569 = 2*z. Suppose -5*g + r + 561 = 0. What is the units digit of g?
6
What is the thousands digit of -12 + (-22)/(-2) + 4744?
4
Suppose 0 = -3*k + 4*b + 37513, 0 = -5*k + 88*b - 91*b + 62570. What is the thousands digit of k?
2
Let j be -14*((-60)/(-7))/(-10). Suppose 7*s - j*s = 4*x - 5186, 3*s = 6. What is the tens digit of x?
9
Suppose 4*l + 354 = -162. Let q be ((-1379)/(-2))/7*2. Let s = q + l. What is the units digit of s?
8
Let h = 61339 - 43132. What is the thousands digit of h?
8
Suppose 63*f - 6473115 = -19*f - 83*f. What is the tens digit of f?
3
Suppose -393*x + 391*x - 5*v + 37444 = 0, 3*x - 56166 = 4*v. What is the tens digit of x?
2
Let u(a) = -4*a**3 - 55*a**2 - 61*a + 192. What is the thousands digit of u(-22)?
7
Let j be ((-10014)/4)/(66/(-88)). What is the hundreds digit of j*3/16 + 2/16?
6
Let o = 24127 + -4997. What is the hundreds digit of o?
1
Suppose 174*m - 359*m + 4488 = -181*m. What is the units digit of m?
2
Suppose 8*k = -0*k + 260502 + 28474. What is the ten thousands digit of k?
3
What is the thousands digit of (0 - -2762)/2 - -9*4/12?
1
Let n = 31527 - -23389. What is the ten thousands digit of n?
5
Let n(p) = 145*p**2 - 6363*p - 75. What is the hundreds digit of n(51)?
5
Let s(x) = x**2 - 6*x - 25. Let g be s(9). Suppose -5*m - z - 12 = 2*z, g*z = 2. Let w(a) = -a**2 - 7*a - 5. What is the units digit of w(m)?
7
Let z = 219 + -219. Suppose 72*i - 73*i + 145 = z. What is the tens digit of i?
4
Let o(l) = 254*l**2 - 255*l**2 + 2 + 42*l - 12. What is the hundreds digit of o(33)?
2
What is the tens digit of (-1250)/(-525)*287 - (-1)/(-3)?
8
Let l(w) = -8*w - 64. Let j be l(-9). Suppose -3*f + 5*g = -j, 5*f + 0 = -4*g + 1. Let d(u) = 182*u**3 - 3*u**2 + 3*u - 1. What is the tens digit of d(f)?
8
Let p(f) = -f + 2. Let x(n) = -2 + 36*n**2 - 3*n + 3 - 29*n**2. Let c(m) = -5*p(m) + x(m). What is the units digit of c(4)?
1
Let c(r) = 2*r**2 + 16*r + 43. Let f be c(-5). Suppose 3 = -f*j + 16*j. What is the units digit of j?
1
Suppose -27 = s - 4*d, 0 = 4*s + 4*d - d + 32. Let h(p) be the first derivative of -p**4/4 - 11*p**3/3 - 11*p**2/2 + 11*p + 3. What is the units digit of h(s)?
2
Suppose -2*g + g + 2 = 0. Let y(v) = -2*v**2 - 21*v + 71 - 74 - 11*v**g - v**3. What is the hundreds digit of y(-12)?
1
Let m(u) = -260*u**3 + u**2 - 22*u + 47. Let a be m(2). What is the tens digit of (a/12)/(11/(-88))?
8
Let l(t) = 2*t - 8. Let m be l(6). Suppose 6*v = -m*v + 2130. Suppose -v = -4*o + 159. What is the tens digit of o?
9
Suppose -3*b + 0*b + 2*t = -23697, 2*b - 15803 = 3*t. What is the thousands digit of b?
7
Suppose -w + 83 = -16. Suppose 8 = 97*x - w*x. Let l(r) = -72*r - 18. What is the hundreds digit of l(x)?
2
Let r be (-12)/42 - 79/(-7). Suppose 0 = -n + 406 + 1044. Suppose -r*h + n = -h. What is the hundreds digit of h?
1
Let t(o) = -o**3 + 115*o**2 + 432*o - 220. What is the tens digit of t(117)?
4
Suppose -742 = 2*r + 1830. Let x = -716 - r. What is the units digit of x?
0
Let b(z) = 2*z**3 + 2*z**2 - 3*z - 5. Let f be b(4). Suppose -f*s = -144*s + 936. What is the units digit of s?
6
Let h(i) = i**3 - 22*i**2 + 44*i - 6. Let k be h(27). Suppose 0 = -12*l - k + 13767. What is the units digit of l?
5
Suppose 14*l = 23 + 5. Suppose -5*h + 20 = 2*u + 3*u, l*h - 4 = 0. Suppose 0 = 4*v - v + 4*q - 402, 3*q + 268 = u*v. What is the hundreds digit of v?
1
Suppose 2*q + 5*h - 735 = -3*q, 3*q - 5*h = 465. Let l be 21*((-50)/35)/(-5) - 3. Suppose l*d - q = -3*d. What is the tens digit of d?
2
Let y(m) = -m**2 - 30*m - 177. Let a be y(-22). What is the hundreds digit of (a/1)/(62/(-12338))?
1
Let t be 1/(125/40 - 3). Suppose -2234 - 2726 = -t*y. What is the hundreds digit of y?
6
Suppose -4*z + 83 = w, 9*z - 4*z + 3*w = 102. Suppose -n - 17 = -z. Suppose n*t = 158 + 18. What is the tens digit of t?
4
Let o(i) = i**3 - 23*i**2 + 30*i - 96. Let d be o(22). What is the tens digit of ((-16)/d)/((-1)/535)?
0
Let a(s) = 189 + 181 - 398 + 198*s. What is the hundreds digit of a(2)?
3
Let c(r) = -2*r**3 - 5*r**2 - 12*r. Let f be c(5). Let p = f + 690. What is the units digit of p?
5
Suppose -5*k + 2*d = -20656, -13*k = -16*k + d + 12394. Let x = -2877 + k. What is the units digit of x?
5
Let h(c) = 1486*c - 35. Let i be h(4). Suppose 16*a + 3*a = i. What is the tens digit of a?
1
Let y(x) = -x**3 + x**2 + x + 2. Let z be y(2). Suppose 350 = -0*l + 5*l. Suppose 5*s - 380 - l = -5*t, -t + 3*s + 70 = z. What is the units digit of t?
5
Suppose 1877887 + 870055 = 234*g + 59750. What is the ten thousands digit of g?
1
What is the hundreds digit of 507618/15 - 4902/(-1290)?
8
Suppose 0 = 4*s - x + 2*x - 37736, -3*s + 28309 = -x. What is the tens digit of s?
3
Let s(q) be the third derivative of 0 - 16/3*q**3 + 27/8*q**4 + 44*q**2 + 0*q. What is the tens digit of s(4)?
9
Let i be (416/39)/(2/4956). Suppose 0 = -9*t - 19*t + i. What is the tens digit of t?
4
Let f(u) = 2*u**2 + 12*u + 11. Let o(w) = w**2 + 8*w + 7. Let g(q) = 5*f(q) - 7*o(q). Let y be -2 + 6/(0 - 3). What is the tens digit of g(y)?
3
Let h(m) = m**2 + 12*m - 4. Let c be h(9). Suppose -5*q + 0*q + 1392 = p, 4*q - p = 1119. Let l = q - c. What is the tens digit of l?
9
What is the tens digit of (-36139 + -47)*8/(-12)?
2
Let a be (-3 + 94)*6/7. Let q = a - 40. Suppose 0 = -5*p + 3*p + q. What is the tens digit of p?
1
Let z be (23 - -2)*12/15. Let r = 19 - z. What is the units digit of (4/r)/(188/96 + -2)?
6
Let v be 1 + (-4 - (-4 - 1)). Suppose v*a - 333 - 559 = 0. Suppose 3*q + 1075 = 8*q + 5*c, 0 = 2*q - 2*c - a. What is the hundreds digit of q?
2
Let w = 104 - 123. Suppose -2*p + 4*p = 44. Let h = p + w. What is the units digit of h?
3
Let w(u) = -3*u + 5*u - 6*u + 119 - 2*u. What is the tens digit of w(9)?
6
Let p = -92967 + 163539. What is the tens digit of p?
7
Let l(v) be the second derivative of -v**5/20 + 7*v**4/6 - 4*v**3/3 + 29*v**2/2 + 90*v. What is the hundreds digit of l(11)?
3
Suppose -5*u = 2*j - 1239, -1229 = -3*j + j - 3*u. Let n = -290 + j. What is the tens digit of n?
1
Suppose -8 = -n + 2*r, -3*n - 2*r + 3*r + 14 = 0. Suppose n*q = -q + 25. Suppose 5*d - 4*k - 179 = 358, -q*d = -k - 543. What is the tens digit of d?
0
Let k = 427 - -2177. Suppose 0 = 18*n - k - 4452. What is the units digit of n?
2
Suppose -57*s - 461*s + 32901166 = 44*s. What is the units digit of s?
3
Suppose 4*p + 9*m - 301 = 4*m, -192 = -3*p + 3*m. Suppose -71*h + p*h = -874. What is the units digit of h?
7
Let c = 121 + -117. Suppose 4*m + 302 = 2*o - 70, 972 = 5*o + c*m. What is the hundreds digit of o?
1
Let r(i) = 24*i + 71. Let g = 225 - 213. What is the hundreds digit of r(g)?
3
Suppose 8*h = 30 + 10. Suppose -h*v - 1712 = -13*v. What is the units digit of v?
4
Suppose 4*o + 72 = 4*h, -5*h - 3*o = -0*o - 74. Suppose -h*i = -1344 - 1344. What is the hundreds digit of i?
1
Suppose 31467 = -79*s + 96*s. What is the hundreds digit of s?
8
Let n be 5*(-3 - (4 + -6)). What is the units digit of n*(-5)/(225/5382)?
8
Let f(v) = v**2 - v - 57. Let i be f(0). Let b(j) = -2*j**2 - 102*j - 1206. Let g be b(-23). Let m = g - i. What is the tens digit of m?
3
Let k be (22/9)/(-14 + (-3328)/(-234)). Let m = 9 - -1. Suppose 0 = -k*o + m*o + 133. What is the units digit of o?
3
Let u = 543 - 532. What is the hundreds digit of (-2)/11 - (u + 39362/(-22))?
7
Let x = -66 + 78. Suppose -2*b = 2*o + 10, -x = 2*b - 2*o + 2. What is the tens digit of (894/12)/(b/4 + 2)?
4
Suppose -220*g - 92*g = -6942624. What is the ten thousands digit of g?
2
Suppose -56*z - 4*z = -17*z - 1350286. What is the thousands digit of z?
1
Let g = -3991 - -4288. What is the units digit of g?
7
Let k = 125 + -120. Suppose -4*g + k*g = -2. What is the units digit of g/6 + 52/12 - -35?
9
Let c(j) = 2*j**2 - 9*j - 18. Let v be c(6). Let o(t) = v*t - 4*t + 7 - 6*t**2 + 15*t**2 - 7*t**2. What is the units digit of o(7)?
7
Let o be (-259810)/90 - 4/18. Let t = 4263 + o. What is the hundreds digit of t?
3
Let m = -38 - -34. Let q = 14 + m. What is the units digit of -1 + 4 - (0 - (